{"id":352,"date":"2018-10-17T13:07:20","date_gmt":"2018-10-17T13:07:20","guid":{"rendered":"https:\/\/www.klattringpakullaberg.se\/?page_id=352"},"modified":"2023-02-21T09:46:40","modified_gmt":"2023-02-21T09:46:40","slug":"grundkurs-i-klippklattring","status":"publish","type":"page","link":"https:\/\/www.klattringpakullaberg.se\/?page_id=352","title":{"rendered":"Grundkurs i klippkl\u00e4ttring"},"content":{"rendered":"<div id=\"pl-352\"  class=\"panel-layout\" ><div id=\"pg-352-0\"  class=\"panel-grid panel-has-style\" ><div class=\"siteorigin-panels-stretch panel-row-style panel-row-style-for-352-0\" data-stretch-type=\"full-stretched\" ><div id=\"pgc-352-0-0\"  class=\"panel-grid-cell\" ><div id=\"panel-352-0-0-0\" class=\"so-panel widget widget_sow-hero panel-first-child panel-last-child\" data-index=\"0\" ><div\n\t\t\t\n\t\t\tclass=\"so-widget-sow-hero so-widget-sow-hero-default-ecbc043c6aa8-352 so-widget-fittext-wrapper\"\n\t\t\t\n\t\t>\t\t\t\t<div class=\"sow-slider-base\" style=\"display: none\" tabindex=\"0\">\n\t\t\t\t\t<ul\n\t\t\t\t\tclass=\"sow-slider-images\"\n\t\t\t\t\tdata-settings=\"{&quot;pagination&quot;:true,&quot;speed&quot;:800,&quot;timeout&quot;:8000,&quot;paused&quot;:false,&quot;pause_on_hover&quot;:false,&quot;swipe&quot;:true,&quot;nav_always_show_desktop&quot;:&quot;&quot;,&quot;nav_always_show_mobile&quot;:&quot;&quot;,&quot;breakpoint&quot;:&quot;780px&quot;,&quot;unmute&quot;:false,&quot;anchor&quot;:null}\"\n\t\t\t\t\t\t\t\t\t\tdata-anchor-id=\"\"\n\t\t\t\t>\t\t<li class=\"sow-slider-image  sow-slider-image-cover\" style=\"visibility: visible;;background-color: #333333\" >\n\t\t\t\t\t<div class=\"sow-slider-image-container\">\n\t\t\t<div class=\"sow-slider-image-wrapper\">\n\t\t\t\t<h1><strong>Grundkurs i klippkl\u00e4ttring<\/strong><\/h1>\n<p>Grundkursen i klippkl\u00e4ttring \u00e4r en komplett introduktion till kl\u00e4ttring utomhus. Kursen riktar sig till dom som inte kl\u00e4ttrat f\u00f6rut eller dom som ev. har kl\u00e4ttrat inomhus ett tag och vill komma vidare i sin kl\u00e4ttring.<br \/>\nM\u00e5ls\u00e4ttningen med kursen \u00e4r att man sj\u00e4lvst\u00e4ndigt kan topprepskl\u00e4ttra utomhus samt kunna f\u00f6lja med en mer erfaren kl\u00e4ttrare som andreman.<br \/>\nI kursen ing\u00e5r bla firnings- och topprepsankare, topprepskl\u00e4ttring, firning, replagsarbete, s\u00e4kring- samt firningsteknik och enklare kl\u00e4tterteknik.<\/p>\n<p>De tv\u00e5 kursdagarna tillbringas ute p\u00e5 klippan och fokus ligger p\u00e5 praktik av ovan n\u00e4mnda punkter.<\/p>\n<p>Kursen har inga f\u00f6rkunskapskrav f\u00f6rutom att ha en vilja att l\u00e4ra sig kl\u00e4ttra ute i det fria!<\/p>\n<h3 style=\"text-align: left\">2999kr\/person inkl. 6% moms<\/h3>\n<div class=\"sow-hero-buttons\" ><div\n\t\t\t\n\t\t\tclass=\"so-widget-sow-button so-widget-sow-button-wire-ba855a415cc9\"\n\t\t\t\n\t\t><div class=\"ow-button-base ow-button-align-center\">\n\t\t\t<a\n\t\t\t\t\thref=\"https:\/\/www.klattringpakullaberg.se\/#contact\"\n\t\t\t\t\tclass=\"sowb-button ow-icon-placement-left ow-button-hover\" \t>\n\t\t<span>\n\t\t\t\n\t\t\tAnm\u00e4lan till kurs\t\t<\/span>\n\t\t\t<\/a>\n\t<\/div>\n<\/div><\/div>\n<p>&nbsp;<\/p>\n<h3 style=\"text-align: left\">Tid: 2 dagar totalt. L\u00f6rdag och S\u00f6ndag morgon 08.30 \u2013 ca 17.00 ute p\u00e5 klippan.<\/h3>\n<h3 style=\"text-align: left\">Plats: Kullaberg, m\u00f6ts p\u00e5 golfklubbens parkering<\/h3>\n<h3 style=\"text-align: left\">F\u00f6rkunskapskrav: Inga<\/h3>\n<h3 style=\"text-align: left\">Kl\u00e4der: Efter v\u00e4derlek. Medtag regnkl\u00e4der om det beh\u00f6vs<\/h3>\n<h3 style=\"text-align: left\">Kl\u00e4tterutrustning: L\u00e5n av utrustning ing\u00e5r i kursavgiften, men medtag egen om du har och vill anv\u00e4nda denna. Vi \u00e4r experter p\u00e5 utrustning f\u00f6r kl\u00e4ttring och s\u00e4ljer utrustning fr\u00e5n mer eller mindre alla tillverkare. Vi ger er g\u00e4rna en offert p\u00e5 utrustning i samband med kursen.<\/h3>\n<h3 style=\"text-align: left\">\u00d6vrigt: Vid varm v\u00e4derlek medtag rikligt med vatten, solkr\u00e4m samt n\u00e5gon huvudbonad.<\/h3>\n<p>&nbsp;<\/p>\n\t\t\t<\/div>\n\t\t<\/div>\n\t\t<div class=\"sow-slider-image-overlay sow-slider-image-cover\" style=\"opacity: 0.5;background-image: url(https:\/\/www.klattringpakullaberg.se\/wp-content\/uploads\/2018\/06\/KL2A3083.jpg)\"  ><\/div>\t\t<\/li>\n\t\t<\/ul>\t\t\t\t<ol class=\"sow-slider-pagination\">\n\t\t\t\t\t\t\t\t\t\t\t<li><a href=\"#\" data-goto=\"0\" aria-label=\"Display slide 1\"><\/a><\/li>\n\t\t\t\t\t\t\t\t\t<\/ol>\n\n\t\t\t\t<div class=\"sow-slide-nav sow-slide-nav-next\">\n\t\t\t\t\t<a href=\"#\" data-goto=\"next\" aria-label=\"Next slide\" data-action=\"next\">\n\t\t\t\t\t\t<em class=\"sow-sld-icon-thin-right\"><\/em>\n\t\t\t\t\t<\/a>\n\t\t\t\t<\/div>\n\n\t\t\t\t<div class=\"sow-slide-nav sow-slide-nav-prev\">\n\t\t\t\t\t<a href=\"#\" data-goto=\"previous\" aria-label=\"Previous slide\" data-action=\"prev\">\n\t\t\t\t\t\t<em class=\"sow-sld-icon-thin-left\"><\/em>\n\t\t\t\t\t<\/a>\n\t\t\t\t<\/div>\n\t\t\t\t<\/div><\/div><\/div><\/div><\/div><\/div><\/div>","protected":false},"excerpt":{"rendered":"<p>Grundkurs i klippkl\u00e4ttring Grundkursen i klippkl\u00e4ttring \u00e4r en komplett introduktion till kl\u00e4ttring utomhus. Kursen riktar sig till dom som inte kl\u00e4ttrat f\u00f6rut eller dom som ev. har kl\u00e4ttrat inomhus ett tag och vill komma vidare i sin kl\u00e4ttring. M\u00e5ls\u00e4ttningen med kursen \u00e4r att man sj\u00e4lvst\u00e4ndigt kan topprepskl\u00e4ttra utomhus samt kunna f\u00f6lja med en mer erfaren <a href=\"https:\/\/www.klattringpakullaberg.se\/?page_id=352\" rel=\"nofollow\"><span class=\"sr-only\">L\u00e4s mer om Grundkurs i klippkl\u00e4ttring<\/span>[&hellip;]<\/a><\/p>\n","protected":false},"author":1,"featured_media":0,"parent":0,"menu_order":0,"comment_status":"closed","ping_status":"closed","template":"template-fullwidth-no-title.php","meta":{"footnotes":""},"_links":{"self":[{"href":"https:\/\/www.klattringpakullaberg.se\/index.php?rest_route=\/wp\/v2\/pages\/352"}],"collection":[{"href":"https:\/\/www.klattringpakullaberg.se\/index.php?rest_route=\/wp\/v2\/pages"}],"about":[{"href":"https:\/\/www.klattringpakullaberg.se\/index.php?rest_route=\/wp\/v2\/types\/page"}],"author":[{"embeddable":true,"href":"https:\/\/www.klattringpakullaberg.se\/index.php?rest_route=\/wp\/v2\/users\/1"}],"replies":[{"embeddable":true,"href":"https:\/\/www.klattringpakullaberg.se\/index.php?rest_route=%2Fwp%2Fv2%2Fcomments&post=352"}],"version-history":[{"count":78,"href":"https:\/\/www.klattringpakullaberg.se\/index.php?rest_route=\/wp\/v2\/pages\/352\/revisions"}],"predecessor-version":[{"id":1207,"href":"https:\/\/www.klattringpakullaberg.se\/index.php?rest_route=\/wp\/v2\/pages\/352\/revisions\/1207"}],"wp:attachment":[{"href":"https:\/\/www.klattringpakullaberg.se\/index.php?rest_route=%2Fwp%2Fv2%2Fmedia&parent=352"}],"curies":[{"name":"wp","href":"https:\/\/api.w.org\/{rel}","templated":true}]}}