{"id":534,"date":"2018-10-19T12:51:20","date_gmt":"2018-10-19T12:51:20","guid":{"rendered":"https:\/\/www.klattringpakullaberg.se\/?page_id=534"},"modified":"2023-02-21T09:50:41","modified_gmt":"2023-02-21T09:50:41","slug":"kurs-i-artificiell-klattring","status":"publish","type":"page","link":"https:\/\/www.klattringpakullaberg.se\/?page_id=534","title":{"rendered":"KURS I ARTIFICIELL KL\u00c4TTRING"},"content":{"rendered":"<div id=\"pl-534\"  class=\"panel-layout\" ><div id=\"pg-534-0\"  class=\"panel-grid panel-has-style\" ><div class=\"siteorigin-panels-stretch panel-row-style panel-row-style-for-534-0\" data-stretch-type=\"full-stretched\" ><div id=\"pgc-534-0-0\"  class=\"panel-grid-cell\" ><div id=\"panel-534-0-0-0\" class=\"so-panel widget widget_sow-hero panel-first-child panel-last-child\" data-index=\"0\" ><div\n\t\t\t\n\t\t\tclass=\"so-widget-sow-hero so-widget-sow-hero-default-ecbc043c6aa8-534 so-widget-fittext-wrapper\"\n\t\t\t\n\t\t>\t\t\t\t<div class=\"sow-slider-base\" style=\"display: none\" tabindex=\"0\">\n\t\t\t\t\t<ul\n\t\t\t\t\tclass=\"sow-slider-images\"\n\t\t\t\t\tdata-settings=\"{&quot;pagination&quot;:true,&quot;speed&quot;:800,&quot;timeout&quot;:8000,&quot;paused&quot;:false,&quot;pause_on_hover&quot;:false,&quot;swipe&quot;:true,&quot;nav_always_show_desktop&quot;:&quot;&quot;,&quot;nav_always_show_mobile&quot;:&quot;&quot;,&quot;breakpoint&quot;:&quot;780px&quot;,&quot;unmute&quot;:false,&quot;anchor&quot;:null}\"\n\t\t\t\t\t\t\t\t\t\tdata-anchor-id=\"\"\n\t\t\t\t>\t\t<li class=\"sow-slider-image  sow-slider-image-cover\" style=\"visibility: visible;;background-color: #333333\" >\n\t\t\t\t\t<div class=\"sow-slider-image-container\">\n\t\t\t<div class=\"sow-slider-image-wrapper\">\n\t\t\t\t<h1><strong>Kurs i artificiell kl\u00e4ttring<\/strong><\/h1>\n<p style=\"text-align: left\">Aidkursen \u00e4r en introduktion till hur man tar sig upp n\u00e4r t ex v\u00e4dret \u00e4ndras till det s\u00e4mre eller n\u00e4r klippformationerna blir om\u00f6jliga att frikl\u00e4ttra. Ett m\u00e5ste f\u00f6r de riktigt stora \u00e4ventyren och bigwallkl\u00e4ttring. M\u00e5ls\u00e4ttningen med kursen \u00e4r att elven ska kunna kl\u00e4ttra grad C1 och C2 samt ha en grundl\u00e4ggande f\u00f6rst\u00e5else f\u00f6r hur man kl\u00e4ttrar grad A1 till A3. Under kursen kommer eleven att l\u00e4ra sig hantera sin frikl\u00e4ttringsutrustning p\u00e5 ett nytt vis samt f\u00e5 en genomg\u00e5ng av mer avancerad aidutrustning s\u00e5 som pitonger, skyhooks, rurps, aluheads, stegar osv.<\/p>\n<h4 style=\"text-align: left\">Aktivitetsl\u00e4ngd: 8h<\/h4>\n<h4 style=\"text-align: left\">Antal deltagare: 1-6 personer<\/h4>\n<h3 style=\"text-align: left\">2400kr\/person inkl. 6% moms<\/h3>\n<div class=\"sow-hero-buttons\" ><div\n\t\t\t\n\t\t\tclass=\"so-widget-sow-button so-widget-sow-button-wire-ba855a415cc9\"\n\t\t\t\n\t\t><div class=\"ow-button-base ow-button-align-center\">\n\t\t\t<a\n\t\t\t\t\thref=\"https:\/\/www.klattringpakullaberg.se\/#contact\"\n\t\t\t\t\tclass=\"sowb-button ow-icon-placement-left ow-button-hover\" \t>\n\t\t<span>\n\t\t\t\n\t\t\tAnm\u00e4lan till kurs\t\t<\/span>\n\t\t\t<\/a>\n\t<\/div>\n<\/div><\/div>\n\t\t\t<\/div>\n\t\t<\/div>\n\t\t<div class=\"sow-slider-image-overlay sow-slider-image-cover\" style=\"opacity: 0.8;background-image: url(https:\/\/www.klattringpakullaberg.se\/wp-content\/uploads\/2018\/10\/1237972256_resized-1.jpg)\"  ><\/div>\t\t<\/li>\n\t\t<\/ul>\t\t\t\t<ol class=\"sow-slider-pagination\">\n\t\t\t\t\t\t\t\t\t\t\t<li><a href=\"#\" data-goto=\"0\" aria-label=\"Display slide 1\"><\/a><\/li>\n\t\t\t\t\t\t\t\t\t<\/ol>\n\n\t\t\t\t<div class=\"sow-slide-nav sow-slide-nav-next\">\n\t\t\t\t\t<a href=\"#\" data-goto=\"next\" aria-label=\"Next slide\" data-action=\"next\">\n\t\t\t\t\t\t<em class=\"sow-sld-icon-thin-right\"><\/em>\n\t\t\t\t\t<\/a>\n\t\t\t\t<\/div>\n\n\t\t\t\t<div class=\"sow-slide-nav sow-slide-nav-prev\">\n\t\t\t\t\t<a href=\"#\" data-goto=\"previous\" aria-label=\"Previous slide\" data-action=\"prev\">\n\t\t\t\t\t\t<em class=\"sow-sld-icon-thin-left\"><\/em>\n\t\t\t\t\t<\/a>\n\t\t\t\t<\/div>\n\t\t\t\t<\/div><\/div><\/div><\/div><\/div><\/div><\/div>","protected":false},"excerpt":{"rendered":"<p>Kurs i artificiell kl\u00e4ttring Aidkursen \u00e4r en introduktion till hur man tar sig upp n\u00e4r t ex v\u00e4dret \u00e4ndras till det s\u00e4mre eller n\u00e4r klippformationerna blir om\u00f6jliga att frikl\u00e4ttra. Ett m\u00e5ste f\u00f6r de riktigt stora \u00e4ventyren och bigwallkl\u00e4ttring. M\u00e5ls\u00e4ttningen med kursen \u00e4r att elven ska kunna kl\u00e4ttra grad C1 och C2 samt ha en grundl\u00e4ggande <a href=\"https:\/\/www.klattringpakullaberg.se\/?page_id=534\" rel=\"nofollow\"><span class=\"sr-only\">L\u00e4s mer om KURS I ARTIFICIELL KL\u00c4TTRING<\/span>[&hellip;]<\/a><\/p>\n","protected":false},"author":1,"featured_media":0,"parent":0,"menu_order":0,"comment_status":"closed","ping_status":"closed","template":"template-fullwidth-no-title.php","meta":{"footnotes":""},"_links":{"self":[{"href":"https:\/\/www.klattringpakullaberg.se\/index.php?rest_route=\/wp\/v2\/pages\/534"}],"collection":[{"href":"https:\/\/www.klattringpakullaberg.se\/index.php?rest_route=\/wp\/v2\/pages"}],"about":[{"href":"https:\/\/www.klattringpakullaberg.se\/index.php?rest_route=\/wp\/v2\/types\/page"}],"author":[{"embeddable":true,"href":"https:\/\/www.klattringpakullaberg.se\/index.php?rest_route=\/wp\/v2\/users\/1"}],"replies":[{"embeddable":true,"href":"https:\/\/www.klattringpakullaberg.se\/index.php?rest_route=%2Fwp%2Fv2%2Fcomments&post=534"}],"version-history":[{"count":13,"href":"https:\/\/www.klattringpakullaberg.se\/index.php?rest_route=\/wp\/v2\/pages\/534\/revisions"}],"predecessor-version":[{"id":1215,"href":"https:\/\/www.klattringpakullaberg.se\/index.php?rest_route=\/wp\/v2\/pages\/534\/revisions\/1215"}],"wp:attachment":[{"href":"https:\/\/www.klattringpakullaberg.se\/index.php?rest_route=%2Fwp%2Fv2%2Fmedia&parent=534"}],"curies":[{"name":"wp","href":"https:\/\/api.w.org\/{rel}","templated":true}]}}